aluate (6 - 1 - -79 - (85 + -72)) + 3 + -11.
63
Evaluate -40 - (32 + (-15 - 30)).
-27
Evaluate 8 + -1 + 20 + -505 + 522.
44
What is 2 - (-5 - -7 - 13) - (30 - 61 - -96)?
-52
-15 + -8 + (37 - 1) - (43 + 5)
-35
Calculate -1 + 89 + (8602 - 8774).
-84
Evaluate 98 - ((-107 - 154) + 247 - (-1 + -1 + 1)).
111
What is the value of (15 - 24 - -51 - 33) + -1 + 79?
87
What is the value of (4 - 10 - 1 - (9 + 29)) + 10?
-35
What is the value of -7 + 155 + -115 + -2 + 56?
87
(7 - (-11 - (-18 - -9)) - 74) + -8
-73
(57 - 52) + 70 - 136
-61
What is -15 + (8 + (18 - (23 - 2)) - -73)?
63
What is (1342 - 1342) + 22 + 1 - 84?
-61
Calculate -2 + -2 + (29 - (0 + -3 + -95 + 106)).
17
What is the value of (25 + (15 - 23 - 17) - -5) + 32?
37
75 - (-25 + (-1 - 1 - (219 + -235)))
86
Evaluate (-10 - -26) + -1 + 3 + -24 - -75.
69
Calculate 94 - 44 - -31 - 38.
43
Calculate -14 - ((921 - 945) + (1 - 14)).
23
-20 - (13 - 13 - -40)
-60
Evaluate 10 + (16 - (-3 - (-16 - -11 - -9))).
33
What is the value of -145 + (-16 - (-54 - 40))?
-67
-20 + 38 + -19 + -17 - 19
-37
What is 1 - -2 - (63 - 12 - 61)?
13
Calculate 1 - 1 - (27 - 38) - (-94 - -6).
99
Evaluate (44 - 2) + 2 + -4 + (-15 - 41 - -53).
37
(-76 - -59) + (-4 - (-7 - -4)) + 4
-14
What is the value of -58 + (6 - (8 - 26 - 1))?
-33
Calculate 16 + -38 + 17 + (107 - (3 + -1) - -3).
103
Evaluate 8 - 0 - (-26 + (42 - -25)).
-33
What is -20 + (-4 + -1 - 3) - (6 + 7)?
-41
Evaluate 118 - 7 - 100 - (3 + (-1 - 20)).
29
What is the value of 27 - (3 + 6) - (42 + 1)?
-25
Calculate 21 - (8 - (6 + -7)) - (-12 + -40 - 14).
78
Evaluate 19 - (5 + 14 + -39).
39
Calculate 37 + 1 - (112 - (35 - -122)).
83
What is (6 + -9 - -18 - 13) + -8?
-6
Evaluate (-1 - -18) + (-83 - -51) + 147 + 2.
134
Calculate (16 + -47 - 99) + 67.
-63
Calculate 78 + (-1002 - -973 - (0 + -8)).
57
Evaluate -77 - (-143 + -51 + 105).
12
What is the value of -22 + (61 - 48) + 0 + 2 + -3?
-10
(9 + 60 - -1) + (-2 - (19 - 16))
65
-21 + 12 + -8 + 7 + -6 - (-54 - -49)
-11
Evaluate 1 + -4 + (4 - 3) + 19 + -20 - -14.
11
Calculate (58 - (24 - -16)) + 1 + (-65 - -2).
-44
43 + (-20 - 17) + -13
-7
What is the value of -77 + (137 + -99 - -2)?
-37
What is the value of (74 - 4 - (-1 - 0)) + (-16 - (66 - 75))?
64
What is -21 + (0 - 7) + -17 + 18?
-27
Evaluate -49 + 71 - 126 - (-1 - 23).
-80
What is the value of 112 - (-88 + (-38 - -159))?
79
What is the value of -38 + -3 + -7 + -7 - (-6 + -11)?
-38
What is -1 - -40 - (-42348 - -42442)?
-55
What is -10 - -2 - (4 + -29) - 20?
-3
Evaluate 1 + 0 + 2 - ((4 - -40) + 380 + -397).
-24
(-31 + 70 - 24) + -61 + 62
16
27 - (-35 + 8 + 51)
3
Calculate 13 + -30 + 10 + 25 - 24.
-6
Evaluate (-101 - -2) + -8711 + 8860.
50
Evaluate (-1247 - -1339) + (-3 - 61).
28
Calculate -99 - (-74 - 10 - (4 - 40)).
-51
-27 + -2 - -28 - (-2 - (2 - -23))
26
20 + (20 - -1) - (14 + 2)
25
What is the value of -58 + (65 - (-20 - -35))?
-8
What is -27 + (124 - -21) + (1 - 14)?
105
What is 128 + 92 + -3 + -148?
69
Calculate (-129 + 150 - -113) + -107.
27
Evaluate 29 - (29 - -1) - -35.
34
What is the value of (-75 + 55 - (-4 + 3)) + 13 + 14?
8
0 - -1 - (-12 - (-5 - 4) - (14 - 2))
16
What is 27 - (-153 + 223 + -160)?
117
What is the value of -5 + 29 + -29 + 17 + 8 + 103?
123
(-6 - (0 - 23)) + (-485 - -409)
-59
Evaluate 315 - 283 - (17 - 1).
16
Evaluate -1 - ((-63 - -21) + 90).
-49
Evaluate (-52 + 68 - 71 - -33) + 1 + -5.
-26
What is the value of -41 - ((-2 - 27) + 3)?
-15
53 - (360 + -145 + -67)
-95
74 + (-30 - -29) + -32
41
Evaluate 47 + 3 + (-6 - (-2 + 1 - (28 - 25))).
48
-16 + 39 + -23 + -15 - 7
-22
Calculate -3 - (12 + (-5 - (3 + -9) - 7)) - -79.
70
Evaluate -74 + (58 - 10) - 44 - -10.
-60
What is (-1 - 6) + 14 + 9 + -12 + 13?
17
What is 7 + (1 - (6 - 17)) + 59 - -7?
85
Evaluate -88 - (48 - (40 + 36)).
-60
What is 58 - (-32 + 27 - 16 - -36)?
43
What is the value of 10 - ((71 - 20) + -73)?
32
Evaluate -7 - (-500 + 510 - (-2 + 21 - (4 + -2))).
0
What is the value of 1 + 74 + (1 + 7 - (5 + 9 + 4))?
65
7 + 29 + -52 + 3 + 7 + 16
10
What is the value of (1 - 20) + -1 + -5 + 1 - -10?
-14
What is (205 - 123) + (-1 + (0 - 1) - (-4 + 1))?
83
Calculate 23 - (54 - (-32 + 43)).
-20
What is (9 - (-3 - -19) - -8 - -11) + -3 + 1?
10
(-327 - -322) + -23 + -5
-33
What is 5 + 11 + -36 + 8 - -24?
12
94 - 183 - (-121 + 61)
-29
Calculate (-5 + 13 + -8 + -12 - -17) + 35.
40
What is 14 + (-3 - (-3 - 1 - -7)) - 8?
0
-21 - (12 - (16 - (-15 - (7 + -15))))
-10
What is (-27 - 97) + 151 + -36?
-9
Calculate -6 + 4 + -10 + (-24 - 27 - -55).
-8
What is the value of -10 + 77 - -13 - ((22 - 30) + 13)?
75
Evaluate -136 - -89 - (4 + 13).
-64
26 + -71 + 33 + (1 - -40)
29
What is 97 - (-59 - (-27 - 103))?
26
-12 + (-73 + 73 - (29 - 4))
-37
Evaluate 4 - (76 + -165 + (4 - (-3 - 7))).
79
Calculate 7 - (-45 - (14 + -4 + -32)).
30
What is the value of -16 + 45 - -12 - (-2 + -1 - 4)?
48
-43 + (29 - 1) + 47
32
Calculate (177 - 217 - (0 + 16)) + -16.
-72
46 - -12 - ((-18 - (4 + (-5 - 3))) + 15)
57
Evaluate 3925 + -3834 - (-1 - -8).
84
Evaluate -40 - (29 + -25 - 42).
-2
Calculate -19 + (2 + (-5 - 5) - -5) + -150 + 159.
-13
What is the value of 29 - ((-11 - 8) + 28) - 1?
19
(9 + -8 - -33) + -1
33
What is -33 + 36 + (2 - (2 + -11 + 3)) - 1?
10
Evaluate (39 - 46 - 33) + 55.
15
-8 - (-18 + 2 + 3 - (-104 - (4 - 30)))
-73
What is the value of (-7 - -1) + (-2 - (47 + -7) - (32 + -31))?
-49
What is the value of 12 + ((-4 - 16) + 13 - -11)?
16
What is the value of (26 + -15 - (0 + -4 + 4)) + (7 - -5)?
23
Calculate -109 + 1 - (-3052 - -2928).
16
What is -260 + 253 + (6 - (-1 - -2)) + (27 - 35)?
-10
Calculate 1 - (-14 - (43 + -22)) - 16.
20
Calculate 10 - 57 - (-70 - -40) - (-1 - -13).
-29
Calculate 80 - ((27 - -7) + -21 + (-12 - 1) + -3).
83
Evaluate (-12 - -7 - -1 - 0) + 14 + -32.
-22
(5 - (-10 - 25)) + -148 + -17
-125
Calculate -1 + (-10 - (-10 - 14) - 10) - -20.
23
Calculate 26 + (34 - 37 - 40).
-17
Calculate 40 + -10 + (45 - 163).
-88
Evaluate 670 + -737 + 13 + 3.
-51
Calculate 14 + (3 + -27 - (68 + -96)).
18
What is -32 + 18 + -4 - (-4 + -5 + -2)?
-7
Calculate -1 + 85 + -249 + 231 - 27.
39
Evaluate 169 - 191 - (-44 + 4).
18
Calculate 25 - (96 - 88) - 105.
-88
Evaluate 41 - (6 + 37 + -36).
34
171 - 75 - 194 - -103
5
Calculate -33 + 22 - (30 + -16 + 25).
-50
Evaluate -102 + -29 + 82 - -58.
9
29 + -29 + 66 + 6
72
4 + (-32 + 19 - (-6 + 9 - 20)) - -86
94
What is 1 + 26 + -55 + 17 - -52?
41
What is -670 + 787 + -43 + 4?
78
What is the value of 38 + (12 + -22 - -15) - 2?
41
(1 - 3) + 2 + -1194 + 1195
1
What is the value of (-18 - (-15 - (-14 + -2))) + 11 + -9 + 0?
-17
Evaluate 56 + (83 - (229 - 6)).
-84
Calculate 20 + -12 + 2 - (-23 + (0 - -2)).
31
Evaluate 42 + -20 - 7 - (-32 - -7).
40
Calculate 10 + -15 + 63 + 7 + (75 - 55).
85
-3 + (-12 - -14 - 11) + 24 + 49
61
What is the value of (-12 - -4 - 9) + 9 + 102 + -20?
74
Calculate -466 + 367 + (0 - 15) + (5 - (-4 + -7)).
-98
Evaluate -39 + (-17 - -11) + 47.
2
What is 136 - (-132 - -282 - -17)?
-31
What is the value of (11 - 5) + -75 + (28 - 9) + 6?
-44
Evaluate ((10 - 11) + -15 - 2 - -32) + -86.
-72
What is 2 + 20 + (119 - 39 - 59)?
43
Calculate 2 - 4 - -65 - (-163 - -168).
58
What is (4 - 1) + (20 - (57 + 20))?
-54
What is -15 + (9 - (-29 + 7 + 47))?
-31
Evaluate 23 + (10 - (-23 + (4 - (-15 - 44)))).
-7
Evaluate -7 + 3 + 0 + -72 - (15 - (-23 - -41)).
-73
What is (-62 - -117) + -21 + (-11 - (-3 + 1))?
25
Evaluate 8 + 79 + -8 - (10 - (22 - 13)).
78
What is the value of 8 - (27 + -84 + 53)?
12
Evaluate 3 + -4 - -15 - (1887 + -1882).
9
What is the value of 26 + (-59 - 36 - -46)?
-23
Evaluate -70 + 6 - -18 - (51 + 37).
-134
Evaluate 27 - (-7 - (-16 - -30 - 7) - -23).
18
What is the value of (2 - 4) + 25 - (88 + -34 + -61)?
30
4 + 0 - (-46 + 20 + -25)
55
What is -5 + -4 + (-13 - (-1 + -13)) + -32?
-40
What is the value of -488 + 478 - (-5 - 0) - (-1 + 4 + -45)?
37
Calculate -9 + 36 + (-31 - (-10 + -2)).
8
Evaluate (48 - 12) + -18 + 2 + 1 + (-1 - 6).
14
Calculate 1 - 3 - (150 - (292 - 58)).
82
What is -8 + -4 - 21 - (-3 - (0 - 21))?
-51
What is the value of 49 + -65 + (-13 + -2 - 10)?
-41
(-8 - -13 - 10) + (13 - 0) + -4 - 29
-25
Evaluate 15 + -101 - (-1249 + 1185).
-22
(129 - 0 - (640 + -647)) + -22
114
-7 + (-9 + (0 - -25) - 20) + -15
-26
What is the value of 129 + (111 - 422) + 112?
-70
What